0 - 5/24*x**4. Give v(-6).
-4
Let v(w) = -w - 9. Suppose 3*a + 15 = 33. Let i be -2*20/16*a. Calculate v(i).
6
Let v(f) = -f**3 - 6*f**2 + 7*f - 4. Suppose -141 = 396*j - 399*j. Let z = 2 - -2. Suppose 5*g + 4*d + j = 0, 2*g + z*d + 33 = -g. Determine v(g).
-4
Suppose -592 = -16*w + 16208. Let m be w/255 + 2/(-17) - 6. Let t(o) = -o**3 - o**2 + o + 3. Give t(m).
5
Let z(c) be the first derivative of -c**4/4 + 2*c**3 + c**2/2 - 26*c - 52. Let p be z(5). Let i(f) = 7*f + 4. Give i(p).
32
Let x(s) = 46126*s**2 - 10 + 30*s - 46124*s**2 + 43*s - 26*s + 23*s. Give x(-35).
-10
Let o(y) = 5*y**2 - 2*y - 4. Let f = -18912 - -18911. What is o(f)?
3
Let d be (7/154*4)/((-228)/(-1254)). Let q(z) = -21*z - 7. Let p(r) = 11*r + 4. Let k(s) = 7*p(s) + 4*q(s). Calculate k(d).
-7
Let a(i) be the second derivative of 55 - 7/10*i**5 - 1/2*i**2 + i + 0*i**3 + 0*i**4. Let d(s) = s**2 + 5*s + 5. Let l be d(-4). Calculate a(l).
-15
Let b(n) = 14*n**2 + 70*n + 4. Let a be (-38)/10 + (-1332)/1110. Determine b(a).
4
Let u(o) be the first derivative of 25*o**2/2 - 3*o - 565. Give u(1).
22
Let c(i) = 24*i - 190. Let v be (-41)/(-5) + 14/(-70). Calculate c(v).
2
Let j(t) = -5 + 9 - 2*t + 8. Let o(c) = -c**3 + c**2 - c. Let p be o(-1). Suppose -p*q + 5*d + 27 = 0, 3*q + 5*d = 8*q - 45. What is j(q)?
-6
Let w(u) be the first derivative of u**4/4 - 20*u**3/3 - 7*u**2/2 - 303*u - 7351. Give w(21).
-9
Let r(d) = d**3 - 7*d**2 + 4*d - 1. Let c(w) = -7*w - 85. Suppose -18*l + 39 = -21*l. Let f be c(l). Give r(f).
-13
Let z(l) = -9*l + 63. Let m be z(7). Suppose 121*c - 106*c - 45 = m. Let v(o) = -2*o**2 + 3*o - 2. What is v(c)?
-11
Let j be 5 - (9/(-15) - (-372)/(-30)). Let r(q) = -j*q - 8*q + 27*q. Calculate r(-5).
-5
Let r(v) = -v**2 - 7*v + 6. Let t be r(-7). Let m(d) be the second derivative of d**4/12 - 2*d**3/3 - 3*d**2 - 144*d. What is m(t)?
6
Let t(s) be the second derivative of 7/6*s**3 + 7/2*s**2 + 1 + 50*s + 1/12*s**4. Give t(-7).
7
Let r = 129 - 134. Let p(q) = -9*q - 37. Let j be p(r). Let l(u) = -u**3 + 8*u**2 + u - 8. Determine l(j).
0
Let o(c) be the third derivative of -c**6/120 + 13*c**5/60 - c**4/2 - c**3 + 7*c**2 - 34. Give o(12).
-6
Let t(i) = -1703*i**2 + 3410*i**2 + 7*i - 2 - 1705*i**2. Suppose l + 5*j = j, -5*l - 4*j - 48 = 0. Let q = -17 - l. What is t(q)?
13
Let f(g) = -g**3 + 4*g**2 + 3*g - 8. Suppose -19 + 26 + 29 = 6*h. What is f(h)?
-62
Let r(i) be the first derivative of i**3/3 - 2*i**2 - 3*i - 10186. Suppose 2*y - 4 - 4 = 0. Give r(y).
-3
Let p = -18594 - -18607. Let k(l) = l**2 - 10*l - 36. Determine k(p).
3
Let h be 12/(-5)*235/(-141). Let t(g) = g**3 - 4*g**2 - 10*g + 30. Calculate t(h).
-10
Let q(m) be the second derivative of 1/6*m**3 + 88 - 3/2*m**2 + 2*m. Determine q(5).
2
Let v(o) be the second derivative of o**4/12 + 11*o**3/6 - o**2/2 + 7*o - 1. What is v(-12)?
11
Suppose 3*n - 11 + 34 = 4*l, 3*n + 28 = -l. Let z(f) be the third derivative of -f**5/60 - 3*f**4/8 - f**3 - 10*f**2 + 12. Give z(n).
-6
Let s(g) = g**2 - 2*g - 1. Let z(j) = -3*j**2 + 4*j + 8. Let r(y) = -17*s(y) - 6*z(y). Calculate r(-16).
65
Let w be 73/15 - (-8)/60. Suppose w*m - 10*m = -160. Let j(t) = -m*t + 39*t + 11*t**3 - 12*t**3 + 3*t**2. Determine j(5).
-15
Suppose -473 = -5*i - 3. Let m(k) = -44*k**2 - 51*k**2 + i*k**2 - 6 - 8*k. Calculate m(-5).
9
Let m(y) = -y + 2. Let h = -96 - -100. Let z be h/(-10) - (-7)/((-245)/(-189)). What is m(z)?
-3
Let h(u) = 2*u**2 - 30*u - 1. Let d be h(15). Let c(v) = 2*v**2 + v - 1. Let r be c(d). Let z(o) = o - 7. Determine z(r).
-7
Let r = 28941 - 28941. Let v(w) be the third derivative of 1/24*w**4 + 0*w + 38*w**2 + r + 0*w**3. What is v(-9)?
-9
Let y = 18920 + -18914. Let r(z) be the first derivative of z**3/3 - 2*z**2 + z + 1. Determine r(y).
13
Let a(p) be the first derivative of -p**2 + p + 19/3*p**3 - 13. Determine a(1).
18
Let p(i) = -i**2 + 5*i - 7. Suppose -9*h + 240 = 3*h. Suppose -8*a = -4*q - 13*a + h, -3*a = 0. Give p(q).
-7
Let t(k) be the third derivative of 10/3*k**3 + 1/120*k**5 + 9*k**2 + 5/24*k**4 + 0*k + 0. Let f(z) be the first derivative of t(z). Give f(-4).
1
Let x = -139420 - -139419. Let l(m) = 9*m**2 - 6*m - 1. Let f(b) = -17*b**2 + 13*b + 2. Let z(g) = 3*f(g) + 7*l(g). Calculate z(x).
14
Suppose 12*j + 15*j = -j + 56. Let c(h) = 26*h + 6. Calculate c(j).
58
Suppose 0 = -6*o + 4 + 8. Let c = 31 + -27. Let z(q) = -5*q - 5. Let v(m) = -3*m - 2. Let x(b) = c*z(b) - 9*v(b). What is x(o)?
12
Suppose 2*s + 12 = -p + 6*s, -p + 2*s = 4. Suppose p*n + 20 = 20. Let v(u) = n*u**2 + 6 - 2 + 5*u + u**2 + 3. Calculate v(-5).
7
Let q(o) = -o**3 - 8*o**2 - 7*o - 25. Suppose 0 = 8*a - 2*b - 2*b + 80, -a = -5*b + 28. What is q(a)?
31
Suppose -4*t - 2*t + 18 = 0. Let l(r) = -7*r**3 - 2 - 5*r**2 + 2*r + 5*r**3 + 3*r + r**t. Calculate l(-6).
4
Suppose 3*h - 293 = g + 197, 331 = 2*h - 5*g. Let r(t) = 2 + 162*t - 2 + 12*t**2 - h*t. Give r(1).
11
Let v = -211 + 210. Let c(i) be the third derivative of -i**4/8 - 20*i**2 - 2. Give c(v).
3
Let j(z) = z**2 + 5*z - 8. Suppose -3 = -2*p + 2*g - 5*g, 5*p = 5*g + 20. Let a(f) = -f**3 + 3*f**2 - 4*f + 4. Let i be a(p). Calculate j(i).
16
Suppose -3*a = -5*s + 17, -18*s = -20*s + 2. Let t(g) = 2*g**2 + 4*g - 4. Give t(a).
12
Let m(y) = 2*y + 2. Let n be 6*3*1/6. Let q be 9*(-1)/(n + 0). Give m(q).
-4
Let x(m) = 9*m**3 + 76*m**2 - 149*m - 125. Let k(w) = 5*w**3 + 39*w**2 - 75*w - 62. Let b(c) = 11*k(c) - 6*x(c). Calculate b(24).
-4
Let o = 121277 + -121271. Let s(p) = -5*p**2 - 5*p + 8. Let j(v) = 4*v**2 + 6*v - 8. Let a(y) = 6*j(y) + 5*s(y). What is a(o)?
22
Let d(w) be the first derivative of -w**4/4 - 11*w**3/3 + 9*w**2/2 - 20*w - 4. Calculate d(-12).
16
Let z be (-1)/(2/(-9))*540/810. Suppose -5*h + 32*j = 37*j + 20, 4*h - z*j - 5 = 0. Let c(y) = 3*y + 3. What is c(h)?
0
Let g be 22/((-2)/2) - -2. Let k = 22 + g. Let j(x) = -k*x**2 - 4 + x**2 + 0*x**2 - 3*x + 2*x. Calculate j(0).
-4
Let k(h) = -12*h**2 + 133*h - 34. Let z(v) = v**2 - 23*v + 1. Let f(n) = k(n) + 7*z(n). Calculate f(-1).
-4
Let p(k) = -k + 2. Let r(h) be the second derivative of -2*h**3/3 + 45*h**2/2 + 176*h. Let t be r(14). Calculate p(t).
13
Let z(c) = 7*c - 2. Let s(o) = 8 + 14 + o + 13 - 27. Let r be s(-6). Suppose 9 = -b - 2*b - 5*w, 5*b + r*w = 4. What is z(b)?
12
Let c = -12 - -8. Let f(k) = -6 - 130*k - 45*k + 170*k. Calculate f(c).
14
Let u(p) = p**3 + 7*p**2 + 4*p + 1. Suppose 0 = 78*d + 432 - 198. Calculate u(d).
25
Suppose -4*l + 9 - 1 = 0. Suppose 5*k = 2*m + 139, -2*k = l*m - 5*m - 203. Let i = m - -60. Let f(j) = -j**3 - 7*j**2 + 2*j + 9. Determine f(i).
-5
Let a(w) = -238*w**2 + 239*w**2 + 126*w + 4 - 118*w + 2*w**3. What is a(0)?
4
Suppose -142*h = -145*h - 9. Let v(c) = -3*c**2 - c - 1. Determine v(h).
-25
Let q(o) = o**3. Let a be 133/76 + 2/8. Suppose -u - h = -2*h - 7, 4*h + 24 = a*u. What is q(u)?
8
Let f(z) be the third derivative of -z**5/60 - z**4/24 - 16*z**3 - z**2 + 372*z - 9. What is f(0)?
-96
Let o(l) be the third derivative of -l**5/15 - 5*l**4/24 - 11*l**3/3 - 35*l**2. Let t(q) = 5*q**2 + 6*q + 24. Let m(j) = -6*o(j) - 5*t(j). Determine m(0).
12
Let h(x) be the second derivative of x**3/3 - 17*x**2 + 5*x + 546. What is h(24)?
14
Let r(b) = 112*b - 94*b + 4 - 20*b - 2 - 15. What is r(20)?
-53
Let s(t) be the first derivative of t**2/2 - 3*t + 55. Let j(a) = 2*a - 9. Let p(b) = 4*j(b) - 11*s(b). Give p(-2).
3
Suppose -116 = -28*q - 32. Let b be q/(3 - 2) - 13. Let r(w) = w + 6. Determine r(b).
-4
Let w(j) = 2*j**2 - 20*j - 78. Let l(b) = -7*b**3 + 44*b**2 - 10*b + 1. Let u be l(6). Determine w(u).
0
Suppose -5*y - f + 26 = 0, -y + 56*f - 55*f - 2 = 0. Let z(w) = w**2 + 3*w - 17. What is z(y)?
11
Let w(q) = -29*q - 1511. Let p be w(-52). Let z(h) = -8*h**2 - h + 8. Give z(p).
-61
Let n(l) = 3*l**2. Let c(w) be the second derivative of -w**5/10 - 2*w**4 - w**3/6 - 13*w**2/2 - 8*w + 3. Let y be c(-12). Give n(y).
3
Let w(g) = -g**2 + 9*g - 16. Suppose 2*y + 26 = 2*p, 4*y = -12*p + 11*p - 7. Give w(p).
-16
Let t(r) be the third derivative of r**6/360 + r**5/24 + r**4/24 + 13*r**3 + 12*r**2. Let h(n) be the first derivative of t(n). Determine h(-3).
-5
Let c = 5087 + -5081. Let q(p) = 9*p - 67. Give q(c).
-13
Let w(g) = g**3 - 6 + 22*g - 2*g**3 - 4*g**2 - 24*g. Suppose 14*t = 12*t + 56. Let v